 2951 + 585 = 0, y = -2. List the prime factors of k.
2, 3, 79
Let a(q) = 4*q + 20. Let f be a(-4). Suppose -8 = 8*c - 72. Suppose 0*i + c = 2*i, -5*d + 686 = f*i. What are the prime factors of d?
2, 67
Let v(m) = -m**2 + 2*m - 4. Let t be v(0). Let y = t - -10. What are the prime factors of y/4 + (-626)/(-4)?
2, 79
Suppose 0 = -4*c - y + 315, 5*c + 4*y = 481 - 90. Let j = 226 - c. What are the prime factors of j?
3, 7
Suppose 14*w - 88989 + 10141 = 0. Let d be (-14*2/(-2))/1. List the prime factors of (-4)/d - w/(-112).
2, 5
Let d(c) = 4 - 4 + 0*c**2 + c**2 - 8 - 10*c. Let y be d(11). List the prime factors of (-1 + -17)/(y + -5).
3
Suppose -405 = -2*h - h. Suppose 0*z - 3*z + h = 0. Suppose 0 = -g - 5*u + z, 2*g - 2*u - 43 = 23. What are the prime factors of g?
5, 7
Let o(b) = 12*b**2 + 15*b - 12. Let s(a) = -6*a**2 - 7*a + 6. Let l(r) = -4*o(r) - 7*s(r). Let p be l(-5). Let h = p + 102. List the prime factors of h.
13
Let o = 14909 - 8684. List the prime factors of o.
3, 5, 83
Let h be 72/(-84) + (-65)/(-35). List the prime factors of (-50495)/(-30) - -7 - h/6.
2, 5, 13
Let x = -106 + 112. List the prime factors of 3/x - -1 - 637/(-2).
2, 5
Suppose 770*h = 771*h - 8371. What are the prime factors of h?
11, 761
Let m(y) = -2*y + 3. Let w be m(2). Let n be (-196)/(-68) + -3 + (-11565)/(-765). Let v = n - w. What are the prime factors of v?
2
Let r(b) = -b**3 - b**2 + 9*b + 9. Let j be r(-3). Suppose j*z = -9*z + 18. Suppose z*g = 2*p - 292, 2*p + g = 205 + 78. What are the prime factors of p?
11, 13
Let n(t) = 35*t + 3. Let h be n(4). Suppose 3*g - 5*b - h = 0, -3*b + 181 = 6*g - 2*g. Suppose g + 186 = 4*s. What are the prime factors of s?
2, 29
What are the prime factors of ((-5622)/(-4))/((-12612)/744 + 17)?
31, 937
Let u(b) be the second derivative of -b**4/12 - 4*b**3 + 11*b**2/2 - 2*b. Let o(w) = -16*w**2 + 2*w - 1. Let l be o(-1). What are the prime factors of u(l)?
2, 53
Let w(z) = 6*z**2 - z + 11*z + 8 - 21*z + 2*z. What are the prime factors of w(11)?
5, 127
Suppose 6*g + 60 = 8*g. Let z = g - 30. List the prime factors of z/(-1) - (-17 - 55).
2, 3
Suppose -11070 = -58*t + 68*t. Let m = 1578 + t. List the prime factors of m.
3, 157
Let h(u) = -11*u - 60. Let s be h(-6). Suppose s = 14*p - 20*p. List the prime factors of (-1 - p - -423)/(21/14).
2, 3, 47
Let b = 12114 + -7142. List the prime factors of b.
2, 11, 113
Let j = 19 + -20. Let h be 4*9/12*j*-1. Suppose -14*c - h*i + 837 = -10*c, -5*c = -3*i - 1080. What are the prime factors of c?
3, 71
Let w(r) = -101*r**3 - 6*r**2 - 7*r + 57. What are the prime factors of w(-4)?
3, 239
Let t = -614 + 344. Let u = t + 463. What are the prime factors of u?
193
Let l(k) = -7*k**2 - 5*k**2 + 10*k**2 - k**3 + 6 + 21*k. What are the prime factors of l(-8)?
2, 3, 37
Let o = 29452 - 5581. List the prime factors of o.
3, 73, 109
Suppose 5*j - 78*v = -75*v + 167815, 3*j = -4*v + 100718. List the prime factors of j.
2, 13, 1291
Suppose -14*h + 13*h = 0. Suppose -2*b + a = 92 + 241, h = 4*b - 4*a + 672. Let g = b + 244. List the prime factors of g.
79
Let n(l) be the third derivative of -199*l**4/24 - 11*l**3 - 2*l**2 + 15. What are the prime factors of n(-4)?
2, 5, 73
Suppose 0*n + 3*i - 1200 = -5*n, n - 252 = -3*i. Let h = n + 72. What are the prime factors of h?
3, 103
Suppose 106*o - 685584 = 1268420. List the prime factors of o.
2, 13, 709
Let p be (-11)/((-44)/(-16)) - -581. Suppose 2197 = 4*n + p. List the prime factors of n.
3, 5
Let q = -16082 - -28414. What are the prime factors of q?
2, 3083
Let n(m) = m**3 - 54*m**2 + 190*m + 194. What are the prime factors of n(55)?
13669
Let l(m) = 15*m**2 - 770*m - 136. What are the prime factors of l(60)?
2, 479
Let r = -18888 + 53163. What are the prime factors of r?
3, 5, 457
Let k(y) = 15*y**3 + 4*y**2 + 12*y + 29. Let o be k(-3). What are the prime factors of (-44 - -43)/(-1 - o/378)?
3, 7
Suppose 26*q = 33*q - 1400. Suppose -17*r + 27*r = q. What are the prime factors of r?
2, 5
Let l(s) = 5*s**2 + 24*s + 32. Let r be l(-24). Let w = r + -1162. List the prime factors of w.
2, 587
Suppose 0 = -2*j + 3*r + 20475 - 4832, 2*j - 15668 = -2*r. What are the prime factors of j?
7829
List the prime factors of 0 + 8 + 3711 + 79.
2, 3, 211
Let d(i) be the third derivative of i**6/120 + 3*i**5/20 - 3*i**4/8 + 8*i**3/3 + i**2. Suppose -51*y - 140 - 319 = 0. List the prime factors of d(y).
97
Suppose 12604*v - 12585*v - 114475 = 0. List the prime factors of v.
5, 241
Suppose 0 = 4*b - 2*b + 4*u + 220, 5*u = -3*b - 328. Suppose -s - 5*k + 775 = 3*s, -3*k - 415 = -2*s. Let v = s + b. What are the prime factors of v?
2, 47
Let k be (-24)/10*(120/(-9))/4. Suppose -3*g + k*g = -165. Let b = g + 58. What are the prime factors of b?
5
Suppose 2*w - 3*i = -1 + 20, 3*w + 19 = -5*i. Suppose -w*m - 5*f + 6 = -4, -4 = 5*m - 2*f. What are the prime factors of (-90)/40*((-400)/6 - m)?
2, 3, 5
Suppose 5*j = -283 + 33. List the prime factors of (114 + -115)/(2/j).
5
Let u(o) = -o**3 - 10*o**2 + 1. Let b be u(-10). Let r be (b/(-2))/((-8)/(-48)). Let p(g) = -10*g**3 - g**2 + 8*g + 4. What are the prime factors of p(r)?
241
Let m be -8*-1*(-15)/10. Let j be 1/4 - 45/m. Suppose 3*f = 4*a - 206, -j*a - f = f - 196. What are the prime factors of a?
2, 5
What are the prime factors of 1 - -2 - -7957 - -8*12/96?
19, 419
Let l = 4334 - -5276. What are the prime factors of l?
2, 5, 31
Suppose -19*o + 17 = -21. Suppose -2*c + 1483 = -3*j - 485, -1968 = -o*c + 4*j. List the prime factors of c.
2, 3, 41
Suppose 66*l + 24 = 72*l. Suppose -2124 - 77 = -3*i + z, 8 = -l*z. What are the prime factors of i?
733
Let t(q) = q - 2. Let o be t(-4). Let c(p) = -4 + 11*p**2 + 1 - 7*p - 7 - p**2 - 3*p**2. What are the prime factors of c(o)?
2, 71
Let l(f) = 3*f**3 + 88*f**2 + 100*f + 31. List the prime factors of l(-27).
2, 1217
Let o(m) = -2*m**2 + m - 3. Let i be o(0). Let s be (i - (2 - 5))/2. Suppose 2*q - 182 - 110 = -4*y, 2*y - 2*q - 140 = s. What are the prime factors of y?
2, 3
Suppose -2*z - 246 = -3*f + 49, 0 = -3*f + 4*z + 305. Let o = 100 - f. Suppose 0 = -o*v - 3*x + 950, 0*x + 218 = v - 5*x. What are the prime factors of v?
193
Suppose 4*h = -4*j + 66961 + 37231, 78140 = 3*h + 4*j. List the prime factors of h.
2, 3, 13, 167
Let s = 54 + 112. Let x = -43 - -213. Suppose x + s = 4*k. List the prime factors of k.
2, 3, 7
Suppose 3519 = 5*k - 4441. Suppose 3*d = -2*f + k, -d + 3*f = d - 1070. What are the prime factors of d?
2, 7, 19
Let q(a) = 4001*a**2 - 36*a + 37. What are the prime factors of q(1)?
2, 3, 23, 29
List the prime factors of 3268316/52 - (-9)/(-39).
2, 19, 827
Let u = -235 + 529. Let a = 699 - u. List the prime factors of a.
3, 5
Let a(m) = m**3 - 6*m**2 + 9*m - 6. Let h be a(6). Let r = h - 34. Suppose -r*w + 10*w + 52 = 0. List the prime factors of w.
13
Suppose -13*x + 12*x = -226. Let k = -120 + x. List the prime factors of k.
2, 53
Let x(r) be the second derivative of -3*r**3 - 123*r**2/2 - 140*r. List the prime factors of x(-38).
3, 11, 17
Let s be (-5 - -8)*(3 - 1). Suppose -s*y = 3*y + 27. What are the prime factors of y/(-2)*(-4)/3 + 45?
43
Let j(o) = -1151*o + 396. List the prime factors of j(-6).
2, 3, 1217
Suppose -r + 17*n - 21*n = -365, -400 = -r + 3*n. Let x = 941 - r. List the prime factors of x.
2, 139
Let p be 716930/6 + 37/(-111). List the prime factors of (-1)/(-5) + (p/20)/8.
3, 83
Let z(x) be the first derivative of 2*x**3/3 - 11*x**2/2 - 37*x + 90. List the prime factors of z(15).
2, 31
Let c(p) = 30*p**2 - 27*p - 8*p**2 + 67 - 7*p**2 - 8*p**2 + 61. What are the prime factors of c(15)?
2, 11, 59
Suppose -39 = 2*o + z - 42, 3*o - 3*z = -9. Suppose o = -613*q + 608*q + 3215. What are the prime factors of q?
643
Suppose 17 = 4*u + 13, -2*n - 5*u + 21523 = 0. List the prime factors of n.
7, 29, 53
Let j be (-5)/(-5) + (1 - -10). Suppose 6 = 6*a - j. Suppose -5*z + a*y = -114 + 27, -y = -1. List the prime factors of z.
2, 3
Suppose 25*i + 17*i - 15*i = 0. Suppose i*q + 3*m + 5254 = 4*q, 3937 = 3*q - 4*m. What are the prime factors of q?
5, 263
List the prime factors of 95226/21 - 18/567*18.
2, 2267
Suppose -32 = -3*c + 16. Suppose c = 10*z - 6*z. Suppose -m + 293 = 5*j, 4*j + z*m = -176 + 420. List the prime factors of j.
2, 29
Let l(b) = 3*b**3 - 41*b*